{"id":85,"date":"2019-01-23T13:22:49","date_gmt":"2019-01-23T12:22:49","guid":{"rendered":"https:\/\/www.hdebalzac.fr\/la-serre\/index.php\/produit\/boncellensis-secullant\/"},"modified":"2025-09-30T17:06:12","modified_gmt":"2025-09-30T15:06:12","slug":"zantadeschia_aethiopica","status":"publish","type":"product","link":"https:\/\/www.hdebalzac.fr\/la-serre\/index.php\/produit\/zantadeschia_aethiopica\/","title":{"rendered":"Arum d\u2019\u00c9thiopie"},"content":{"rendered":"<p><em>Zantedeschia aethiopica<\/em> cv &lsquo;Diamant&rsquo;, Arum d\u2019\u00c9thiopie, Lis du Nil.<br \/>\nVivace herbac\u00e9e rhizomateuse, pour situations chaudes et sols frais et\/ou humides.<br \/>\nMagnifique fleurs blanches, floraison printani\u00e8re. Plante adapt\u00e9e \u00e0 une culture en pot, pour balcons et terrasses.<br \/>\nEn cas de forte gel\u00e9e, la plante repartira du rhizome.<\/p>\n","protected":false},"excerpt":{"rendered":"<p>Arum d\u2019\u00c9thiopie, belles fleurs blanches appel\u00e9es spathes, hauteur jusqu&rsquo;\u00e0 100 cm, pour pot ou pleine terre humide.<\/p>\n","protected":false},"featured_media":1374,"comment_status":"open","ping_status":"closed","template":"","meta":{"om_disable_all_campaigns":false,"_mi_skip_tracking":false,"_monsterinsights_sitenote_active":false,"_monsterinsights_sitenote_note":"","_monsterinsights_sitenote_category":0,"site-sidebar-layout":"default","site-content-layout":"default","ast-global-header-display":"","ast-main-header-display":"","ast-hfb-above-header-display":"","ast-hfb-below-header-display":"","ast-hfb-mobile-header-display":"","site-post-title":"","ast-breadcrumbs-content":"","ast-featured-img":"","footer-sml-layout":"","theme-transparent-header-meta":"default","adv-header-id-meta":"","stick-header-meta":"","header-above-stick-meta":"","header-main-stick-meta":"","header-below-stick-meta":""},"product_cat":[17,32,29,48],"product_tag":[111],"class_list":["post-85","product","type-product","status-publish","has-post-thumbnail","hentry","product_cat-exterieur","product_cat-potee_fleurie","product_cat-vivace","product_cat-vivace_herbacee","product_tag-toxique","desktop-align-left","tablet-align-left","mobile-align-left"],"aioseo_notices":[],"_links":{"self":[{"href":"https:\/\/www.hdebalzac.fr\/la-serre\/index.php\/wp-json\/wp\/v2\/product\/85","targetHints":{"allow":["GET"]}}],"collection":[{"href":"https:\/\/www.hdebalzac.fr\/la-serre\/index.php\/wp-json\/wp\/v2\/product"}],"about":[{"href":"https:\/\/www.hdebalzac.fr\/la-serre\/index.php\/wp-json\/wp\/v2\/types\/product"}],"replies":[{"embeddable":true,"href":"https:\/\/www.hdebalzac.fr\/la-serre\/index.php\/wp-json\/wp\/v2\/comments?post=85"}],"wp:featuredmedia":[{"embeddable":true,"href":"https:\/\/www.hdebalzac.fr\/la-serre\/index.php\/wp-json\/wp\/v2\/media\/1374"}],"wp:attachment":[{"href":"https:\/\/www.hdebalzac.fr\/la-serre\/index.php\/wp-json\/wp\/v2\/media?parent=85"}],"wp:term":[{"taxonomy":"product_cat","embeddable":true,"href":"https:\/\/www.hdebalzac.fr\/la-serre\/index.php\/wp-json\/wp\/v2\/product_cat?post=85"},{"taxonomy":"product_tag","embeddable":true,"href":"https:\/\/www.hdebalzac.fr\/la-serre\/index.php\/wp-json\/wp\/v2\/product_tag?post=85"}],"curies":[{"name":"wp","href":"https:\/\/api.w.org\/{rel}","templated":true}]}}