{"id":1644,"date":"2023-05-26T16:07:49","date_gmt":"2023-05-26T14:07:49","guid":{"rendered":"https:\/\/www.hdebalzac.fr\/la-serre\/?post_type=product&#038;p=1644"},"modified":"2026-03-06T17:38:00","modified_gmt":"2026-03-06T16:38:00","slug":"cyclamen-indiaka","status":"publish","type":"product","link":"https:\/\/www.hdebalzac.fr\/la-serre\/index.php\/produit\/cyclamen-indiaka\/","title":{"rendered":"Cyclamen Indiaka"},"content":{"rendered":"<p><em>Cyclamen persicum<\/em>, cyclamen des fleuristes, cyclamen de Perse, cyclamen hybride. Pour une bonne tenue \u00e0 l&rsquo;int\u00e9rieur garder la plante au frais, sans soleil direct, et sans temp\u00e9rature \u00e9lev\u00e9e. Pr\u00e9f\u00e9rez un arrosage par bassinage, avec un apport d&rsquo;engrais pour favoriser la floraison. Plantation en pleine terre apr\u00e8s la floraison possible, en mi-ombre, en sol drainant. Vari\u00e9t\u00e9 &lsquo;Indiaka&rsquo;, bicolore \u00e0 bases des p\u00e9tales blanc. Floraison plus abondante et plus longue que les autres cultivars. Exceptionnel.<\/p>\n","protected":false},"excerpt":{"rendered":"<p>Belle plante vivace \u00e0 la floraison automnale comme plante en pot. Le bulbe peu ensuite \u00eatre plant\u00e9 au jardin, adapt\u00e9e au climat m\u00e9diterran\u00e9en, aux balcons et terrasses. Coloris vari\u00e9s. Prix partir de 6\u20ac en pot de 15cm.<\/p>\n","protected":false},"featured_media":1580,"comment_status":"open","ping_status":"closed","template":"","meta":{"om_disable_all_campaigns":false,"_mi_skip_tracking":false,"_monsterinsights_sitenote_active":false,"_monsterinsights_sitenote_note":"","_monsterinsights_sitenote_category":0,"site-sidebar-layout":"default","site-content-layout":"default","ast-global-header-display":"","ast-main-header-display":"","ast-hfb-above-header-display":"","ast-hfb-below-header-display":"","ast-hfb-mobile-header-display":"","site-post-title":"","ast-breadcrumbs-content":"","ast-featured-img":"","footer-sml-layout":"","theme-transparent-header-meta":"default","adv-header-id-meta":"","stick-header-meta":"","header-above-stick-meta":"","header-main-stick-meta":"","header-below-stick-meta":""},"product_cat":[31,17,32,29,48],"product_tag":[111],"class_list":["post-1644","product","type-product","status-publish","has-post-thumbnail","hentry","product_cat-plante_felurie","product_cat-exterieur","product_cat-potee_fleurie","product_cat-vivace","product_cat-vivace_herbacee","product_tag-toxique","desktop-align-left","tablet-align-left","mobile-align-left"],"aioseo_notices":[],"_links":{"self":[{"href":"https:\/\/www.hdebalzac.fr\/la-serre\/index.php\/wp-json\/wp\/v2\/product\/1644","targetHints":{"allow":["GET"]}}],"collection":[{"href":"https:\/\/www.hdebalzac.fr\/la-serre\/index.php\/wp-json\/wp\/v2\/product"}],"about":[{"href":"https:\/\/www.hdebalzac.fr\/la-serre\/index.php\/wp-json\/wp\/v2\/types\/product"}],"replies":[{"embeddable":true,"href":"https:\/\/www.hdebalzac.fr\/la-serre\/index.php\/wp-json\/wp\/v2\/comments?post=1644"}],"wp:featuredmedia":[{"embeddable":true,"href":"https:\/\/www.hdebalzac.fr\/la-serre\/index.php\/wp-json\/wp\/v2\/media\/1580"}],"wp:attachment":[{"href":"https:\/\/www.hdebalzac.fr\/la-serre\/index.php\/wp-json\/wp\/v2\/media?parent=1644"}],"wp:term":[{"taxonomy":"product_cat","embeddable":true,"href":"https:\/\/www.hdebalzac.fr\/la-serre\/index.php\/wp-json\/wp\/v2\/product_cat?post=1644"},{"taxonomy":"product_tag","embeddable":true,"href":"https:\/\/www.hdebalzac.fr\/la-serre\/index.php\/wp-json\/wp\/v2\/product_tag?post=1644"}],"curies":[{"name":"wp","href":"https:\/\/api.w.org\/{rel}","templated":true}]}}

<p><em>Cyclamen persicum</em>, cyclamen des fleuristes, cyclamen de Perse, cyclamen hybride. Pour une bonne tenue à l&rsquo;intérieur garder la plante au frais, sans soleil direct, et sans température élevée. Préférez un arrosage par bassinage, avec un apport d&rsquo;engrais pour favoriser la floraison. Plantation en pleine terre après la floraison possible, en mi-ombre, en sol drainant. Variété &lsquo;Indiaka&rsquo;, bicolore à bases des pétales blanc. Floraison plus abondante et plus longue que les autres cultivars. Exceptionnel.</p>

<p>Belle plante vivace à la floraison automnale comme plante en pot. Le bulbe peu ensuite être planté au jardin, adaptée au climat méditerranéen, aux balcons et terrasses. Coloris variés. Prix partir de 6€ en pot de 15cm.</p>
