{"id":1573,"date":"2021-10-12T17:59:48","date_gmt":"2021-10-12T15:59:48","guid":{"rendered":"https:\/\/www.hdebalzac.fr\/la-serre\/?post_type=product&#038;p=1573"},"modified":"2024-11-03T07:33:26","modified_gmt":"2024-11-03T06:33:26","slug":"pensees","status":"publish","type":"product","link":"https:\/\/www.hdebalzac.fr\/la-serre\/index.php\/produit\/pensees\/","title":{"rendered":"Pens\u00e9es"},"content":{"rendered":"<p>Les pens\u00e9es sont des plantes \u00e0 massifs bisannuelles, plant\u00e9es \u00e0 l&rsquo;automne, elles fleuriront jusqu&rsquo;au printemps suivant. Elles peuvent aussi \u00eatre plant\u00e9es en jardini\u00e8res et suspensions. Pour cette utilisation pr\u00e9f\u00e9rez les pens\u00e9es cornues, <em>Viola cornuta<\/em>, \u00e0 petites fleurs \u00e0 la longue floraison. <em>Viola wittrockiana<\/em> est la pens\u00e9e \u00e0 grandes fleurs, plus adapt\u00e9es \u00e0 une plantation en pleine terre, pour des massifs. Les pens\u00e9es r\u00e9f\u00e8rent un sol frais, et une exposition soleil ou mi-ombre.<em><br \/>\n<\/em><\/p>\n","protected":false},"excerpt":{"rendered":"<p>Bisannuelle traditionnelle qui fleurira de l&rsquo;automne au printemps, en massif ou jardini\u00e8res. Coloris vari\u00e9s, fleurs panach\u00e9es. 70 cts le godet de 8cm, 60 cts \u00e0 partir de 10 godets.<\/p>\n","protected":false},"featured_media":1574,"comment_status":"open","ping_status":"closed","template":"","meta":{"om_disable_all_campaigns":false,"_mi_skip_tracking":false,"_monsterinsights_sitenote_active":false,"_monsterinsights_sitenote_note":"","_monsterinsights_sitenote_category":0,"site-sidebar-layout":"default","site-content-layout":"default","ast-global-header-display":"","ast-main-header-display":"","ast-hfb-above-header-display":"","ast-hfb-below-header-display":"","ast-hfb-mobile-header-display":"","site-post-title":"","ast-breadcrumbs-content":"","ast-featured-img":"","footer-sml-layout":"","theme-transparent-header-meta":"default","adv-header-id-meta":"","stick-header-meta":"","header-above-stick-meta":"","header-main-stick-meta":"","header-below-stick-meta":""},"product_cat":[115,17,41],"product_tag":[],"class_list":["post-1573","product","type-product","status-publish","has-post-thumbnail","hentry","product_cat-bisannuelle","product_cat-exterieur","product_cat-suspension","desktop-align-left","tablet-align-left","mobile-align-left"],"aioseo_notices":[],"_links":{"self":[{"href":"https:\/\/www.hdebalzac.fr\/la-serre\/index.php\/wp-json\/wp\/v2\/product\/1573","targetHints":{"allow":["GET"]}}],"collection":[{"href":"https:\/\/www.hdebalzac.fr\/la-serre\/index.php\/wp-json\/wp\/v2\/product"}],"about":[{"href":"https:\/\/www.hdebalzac.fr\/la-serre\/index.php\/wp-json\/wp\/v2\/types\/product"}],"replies":[{"embeddable":true,"href":"https:\/\/www.hdebalzac.fr\/la-serre\/index.php\/wp-json\/wp\/v2\/comments?post=1573"}],"wp:featuredmedia":[{"embeddable":true,"href":"https:\/\/www.hdebalzac.fr\/la-serre\/index.php\/wp-json\/wp\/v2\/media\/1574"}],"wp:attachment":[{"href":"https:\/\/www.hdebalzac.fr\/la-serre\/index.php\/wp-json\/wp\/v2\/media?parent=1573"}],"wp:term":[{"taxonomy":"product_cat","embeddable":true,"href":"https:\/\/www.hdebalzac.fr\/la-serre\/index.php\/wp-json\/wp\/v2\/product_cat?post=1573"},{"taxonomy":"product_tag","embeddable":true,"href":"https:\/\/www.hdebalzac.fr\/la-serre\/index.php\/wp-json\/wp\/v2\/product_tag?post=1573"}],"curies":[{"name":"wp","href":"https:\/\/api.w.org\/{rel}","templated":true}]}}

Pensées

<p>Les pensées sont des plantes à massifs bisannuelles, plantées à l&rsquo;automne, elles fleuriront jusqu&rsquo;au printemps suivant. Elles peuvent aussi être plantées en jardinières et suspensions. Pour cette utilisation préférez les pensées cornues, <em>Viola cornuta</em>, à petites fleurs à la longue floraison. <em>Viola wittrockiana</em> est la pensée à grandes fleurs, plus adaptées à une plantation en pleine terre, pour des massifs. Les pensées réfèrent un sol frais, et une exposition soleil ou mi-ombre.<em><br />
</em></p>

<p>Bisannuelle traditionnelle qui fleurira de l&rsquo;automne au printemps, en massif ou jardinières. Coloris variés, fleurs panachées. 70 cts le godet de 8cm, 60 cts à partir de 10 godets.</p>
