{"id":1570,"date":"2021-10-12T17:25:40","date_gmt":"2021-10-12T15:25:40","guid":{"rendered":"https:\/\/www.hdebalzac.fr\/la-serre\/?post_type=product&#038;p=1570"},"modified":"2026-03-06T17:39:19","modified_gmt":"2026-03-06T16:39:19","slug":"cyclamen","status":"publish","type":"product","link":"https:\/\/www.hdebalzac.fr\/la-serre\/index.php\/produit\/cyclamen\/","title":{"rendered":"Cyclamen"},"content":{"rendered":"<p><em>Cyclamen persicum<\/em>, cyclamen des fleuristes, cyclamen de Perse, cyclamen hybride. Pour une bonne tenue \u00e0 l&rsquo;int\u00e9rieur garder la plante au frais, sans soleil direct, et sans temp\u00e9rature \u00e9lev\u00e9e. Pr\u00e9f\u00e9rez un arrosage par bassinage, avec un apport d&rsquo;engrais pour favoriser la floraison. Plantation en pleine terre apr\u00e8s la floraison possible, en mi-ombre, en sol drainant. Coloris vari\u00e9s, du blanc, rose, pourpre, rouge, ou bicolore&#8230;<\/p>\n","protected":false},"excerpt":{"rendered":"<p>Belle plante vivace \u00e0 la floraison automnale comme plante en pot. Le bulbe peu ensuite \u00eatre plant\u00e9 au jardin, adapt\u00e9e au climat m\u00e9diterran\u00e9en, aux balcons et terrasses. Coloris vari\u00e9s. Prix \u00e0 partir de 2\u20ac70 en pot de 10,5cm.<\/p>\n","protected":false},"featured_media":1571,"comment_status":"open","ping_status":"closed","template":"","meta":{"om_disable_all_campaigns":false,"_mi_skip_tracking":false,"_monsterinsights_sitenote_active":false,"_monsterinsights_sitenote_note":"","_monsterinsights_sitenote_category":0,"site-sidebar-layout":"default","site-content-layout":"default","ast-global-header-display":"","ast-main-header-display":"","ast-hfb-above-header-display":"","ast-hfb-below-header-display":"","ast-hfb-mobile-header-display":"","site-post-title":"","ast-breadcrumbs-content":"","ast-featured-img":"","footer-sml-layout":"","theme-transparent-header-meta":"default","adv-header-id-meta":"","stick-header-meta":"","header-above-stick-meta":"","header-main-stick-meta":"","header-below-stick-meta":""},"product_cat":[31,17,32,29,48],"product_tag":[111],"class_list":["post-1570","product","type-product","status-publish","has-post-thumbnail","hentry","product_cat-plante_felurie","product_cat-exterieur","product_cat-potee_fleurie","product_cat-vivace","product_cat-vivace_herbacee","product_tag-toxique","desktop-align-left","tablet-align-left","mobile-align-left"],"aioseo_notices":[],"_links":{"self":[{"href":"https:\/\/www.hdebalzac.fr\/la-serre\/index.php\/wp-json\/wp\/v2\/product\/1570","targetHints":{"allow":["GET"]}}],"collection":[{"href":"https:\/\/www.hdebalzac.fr\/la-serre\/index.php\/wp-json\/wp\/v2\/product"}],"about":[{"href":"https:\/\/www.hdebalzac.fr\/la-serre\/index.php\/wp-json\/wp\/v2\/types\/product"}],"replies":[{"embeddable":true,"href":"https:\/\/www.hdebalzac.fr\/la-serre\/index.php\/wp-json\/wp\/v2\/comments?post=1570"}],"wp:featuredmedia":[{"embeddable":true,"href":"https:\/\/www.hdebalzac.fr\/la-serre\/index.php\/wp-json\/wp\/v2\/media\/1571"}],"wp:attachment":[{"href":"https:\/\/www.hdebalzac.fr\/la-serre\/index.php\/wp-json\/wp\/v2\/media?parent=1570"}],"wp:term":[{"taxonomy":"product_cat","embeddable":true,"href":"https:\/\/www.hdebalzac.fr\/la-serre\/index.php\/wp-json\/wp\/v2\/product_cat?post=1570"},{"taxonomy":"product_tag","embeddable":true,"href":"https:\/\/www.hdebalzac.fr\/la-serre\/index.php\/wp-json\/wp\/v2\/product_tag?post=1570"}],"curies":[{"name":"wp","href":"https:\/\/api.w.org\/{rel}","templated":true}]}}

<p><em>Cyclamen persicum</em>, cyclamen des fleuristes, cyclamen de Perse, cyclamen hybride. Pour une bonne tenue à l&rsquo;intérieur garder la plante au frais, sans soleil direct, et sans température élevée. Préférez un arrosage par bassinage, avec un apport d&rsquo;engrais pour favoriser la floraison. Plantation en pleine terre après la floraison possible, en mi-ombre, en sol drainant. Coloris variés, du blanc, rose, pourpre, rouge, ou bicolore&#8230;</p>

<p>Belle plante vivace à la floraison automnale comme plante en pot. Le bulbe peu ensuite être planté au jardin, adaptée au climat méditerranéen, aux balcons et terrasses. Coloris variés. Prix à partir de 2€70 en pot de 10,5cm.</p>
