{"id":1563,"date":"2021-04-21T15:48:51","date_gmt":"2021-04-21T13:48:51","guid":{"rendered":"https:\/\/www.hdebalzac.fr\/la-serre\/?post_type=product&#038;p=1563"},"modified":"2025-09-30T16:50:54","modified_gmt":"2025-09-30T14:50:54","slug":"sanvitalia","status":"publish","type":"product","link":"https:\/\/www.hdebalzac.fr\/la-serre\/index.php\/produit\/sanvitalia\/","title":{"rendered":"Sanvitalia"},"content":{"rendered":"<p><em>Sanvitalia hybrida<\/em>. Vivace herbac\u00e9e en touffe, \u00e0 port \u00e9tal\u00e9 et retombant, \u00e0 la floraison aux beaux jours, du printemps \u00e0 l&rsquo;automne. Fleurs en forme de petite marguerite, jaunes.<br \/>\nPour situations ensoleill\u00e9es, sol secs et drainant m\u00eame pauvre, r\u00e9sistant \u00e0 la s\u00e9cheresse: massifs, bordures, talus et m\u00eame sur le littoral. Arroser l&rsquo;\u00e9t\u00e9 pour une belle floraison. Peut aussi \u00eatre cultiv\u00e9 en pot ou suspension, pour balcons et terrasses.<\/p>\n","protected":false},"excerpt":{"rendered":"<p><em>Sanvitalia hybrida <\/em>. Vivace m\u00e9diterran\u00e9enne au port \u00e9tal\u00e9, en touffe dense, floraison jaune,long ue en situation ensoleill\u00e9e.<\/p>\n","protected":false},"featured_media":1566,"comment_status":"open","ping_status":"closed","template":"","meta":{"om_disable_all_campaigns":false,"_mi_skip_tracking":false,"_monsterinsights_sitenote_active":false,"_monsterinsights_sitenote_note":"","_monsterinsights_sitenote_category":0,"site-sidebar-layout":"default","site-content-layout":"default","ast-global-header-display":"","ast-main-header-display":"","ast-hfb-above-header-display":"","ast-hfb-below-header-display":"","ast-hfb-mobile-header-display":"","site-post-title":"","ast-breadcrumbs-content":"","ast-featured-img":"","footer-sml-layout":"","theme-transparent-header-meta":"default","adv-header-id-meta":"","stick-header-meta":"","header-above-stick-meta":"","header-main-stick-meta":"","header-below-stick-meta":""},"product_cat":[49,17,32,41,48],"product_tag":[],"class_list":["post-1563","product","type-product","status-publish","has-post-thumbnail","hentry","product_cat-couvre_sol","product_cat-exterieur","product_cat-potee_fleurie","product_cat-suspension","product_cat-vivace_herbacee","desktop-align-left","tablet-align-left","mobile-align-left"],"aioseo_notices":[],"_links":{"self":[{"href":"https:\/\/www.hdebalzac.fr\/la-serre\/index.php\/wp-json\/wp\/v2\/product\/1563","targetHints":{"allow":["GET"]}}],"collection":[{"href":"https:\/\/www.hdebalzac.fr\/la-serre\/index.php\/wp-json\/wp\/v2\/product"}],"about":[{"href":"https:\/\/www.hdebalzac.fr\/la-serre\/index.php\/wp-json\/wp\/v2\/types\/product"}],"replies":[{"embeddable":true,"href":"https:\/\/www.hdebalzac.fr\/la-serre\/index.php\/wp-json\/wp\/v2\/comments?post=1563"}],"wp:featuredmedia":[{"embeddable":true,"href":"https:\/\/www.hdebalzac.fr\/la-serre\/index.php\/wp-json\/wp\/v2\/media\/1566"}],"wp:attachment":[{"href":"https:\/\/www.hdebalzac.fr\/la-serre\/index.php\/wp-json\/wp\/v2\/media?parent=1563"}],"wp:term":[{"taxonomy":"product_cat","embeddable":true,"href":"https:\/\/www.hdebalzac.fr\/la-serre\/index.php\/wp-json\/wp\/v2\/product_cat?post=1563"},{"taxonomy":"product_tag","embeddable":true,"href":"https:\/\/www.hdebalzac.fr\/la-serre\/index.php\/wp-json\/wp\/v2\/product_tag?post=1563"}],"curies":[{"name":"wp","href":"https:\/\/api.w.org\/{rel}","templated":true}]}}