{"id":1549,"date":"2021-04-21T14:45:18","date_gmt":"2021-04-21T12:45:18","guid":{"rendered":"https:\/\/www.hdebalzac.fr\/la-serre\/?post_type=product&#038;p=1549"},"modified":"2026-03-06T17:41:42","modified_gmt":"2026-03-06T16:41:42","slug":"diascia","status":"publish","type":"product","link":"https:\/\/www.hdebalzac.fr\/la-serre\/index.php\/produit\/diascia\/","title":{"rendered":"Diascia"},"content":{"rendered":"<p><em>Diascia hybrida<\/em>. Vivace herbac\u00e9e en touffe, \u00e0 port \u00e9tal\u00e9, \u00e0 la floraison aux beaux jours, du printemps \u00e0 l&rsquo;automne. Fleurs roses.<br \/>\nPour situations ensoleill\u00e9es, sol frais: massifs, bordures. Arroser l&rsquo;\u00e9t\u00e9 pour une belle floraison. Peut aussi \u00eatre cultiv\u00e9 en pot, pour balcons et terrasses.<\/p>\n","protected":false},"excerpt":{"rendered":"<p><em>Diascia hygrida<\/em>. Vivace m\u00e9diterran\u00e9enne au port \u00e9tal\u00e9, en touffe dense, longue floraison rose en situation ensoleill\u00e9e. G\u00e9n\u00e9ralement cultiv\u00e9e en annuelle.<\/p>\n","protected":false},"featured_media":1550,"comment_status":"open","ping_status":"closed","template":"","meta":{"om_disable_all_campaigns":false,"_mi_skip_tracking":false,"_monsterinsights_sitenote_active":false,"_monsterinsights_sitenote_note":"","_monsterinsights_sitenote_category":0,"site-sidebar-layout":"default","site-content-layout":"default","ast-global-header-display":"","ast-main-header-display":"","ast-hfb-above-header-display":"","ast-hfb-below-header-display":"","ast-hfb-mobile-header-display":"","site-post-title":"","ast-breadcrumbs-content":"","ast-featured-img":"","footer-sml-layout":"","theme-transparent-header-meta":"default","adv-header-id-meta":"","stick-header-meta":"","header-above-stick-meta":"","header-main-stick-meta":"","header-below-stick-meta":""},"product_cat":[30,17,29,48],"product_tag":[],"class_list":["post-1549","product","type-product","status-publish","has-post-thumbnail","hentry","product_cat-annuelle","product_cat-exterieur","product_cat-vivace","product_cat-vivace_herbacee","desktop-align-left","tablet-align-left","mobile-align-left"],"aioseo_notices":[],"_links":{"self":[{"href":"https:\/\/www.hdebalzac.fr\/la-serre\/index.php\/wp-json\/wp\/v2\/product\/1549","targetHints":{"allow":["GET"]}}],"collection":[{"href":"https:\/\/www.hdebalzac.fr\/la-serre\/index.php\/wp-json\/wp\/v2\/product"}],"about":[{"href":"https:\/\/www.hdebalzac.fr\/la-serre\/index.php\/wp-json\/wp\/v2\/types\/product"}],"replies":[{"embeddable":true,"href":"https:\/\/www.hdebalzac.fr\/la-serre\/index.php\/wp-json\/wp\/v2\/comments?post=1549"}],"wp:featuredmedia":[{"embeddable":true,"href":"https:\/\/www.hdebalzac.fr\/la-serre\/index.php\/wp-json\/wp\/v2\/media\/1550"}],"wp:attachment":[{"href":"https:\/\/www.hdebalzac.fr\/la-serre\/index.php\/wp-json\/wp\/v2\/media?parent=1549"}],"wp:term":[{"taxonomy":"product_cat","embeddable":true,"href":"https:\/\/www.hdebalzac.fr\/la-serre\/index.php\/wp-json\/wp\/v2\/product_cat?post=1549"},{"taxonomy":"product_tag","embeddable":true,"href":"https:\/\/www.hdebalzac.fr\/la-serre\/index.php\/wp-json\/wp\/v2\/product_tag?post=1549"}],"curies":[{"name":"wp","href":"https:\/\/api.w.org\/{rel}","templated":true}]}}