{"id":1388,"date":"2021-03-12T18:03:39","date_gmt":"2021-03-12T17:03:39","guid":{"rendered":"https:\/\/www.hdebalzac.fr\/la-serre\/?post_type=product&#038;p=1388"},"modified":"2023-05-24T13:47:22","modified_gmt":"2023-05-24T11:47:22","slug":"oeillet-mini","status":"publish","type":"product","link":"https:\/\/www.hdebalzac.fr\/la-serre\/index.php\/produit\/oeillet-mini\/","title":{"rendered":"\u0152illet mini"},"content":{"rendered":"<p>\u0152illet nain, \u0153illet des fleuristes nain, \u0153illet girofl\u00e9e, \u0153illet commun, <em>Dianthus caryophyllus<\/em>, vivace naine au port compact en coussinet. Divers cultivars aux diff\u00e9rentes couleurs, du rose clair au violet, pouvant \u00eatre bicolores, simples ou doubles. Feuillage persistant vert de gris et pruineux. Floraison du printemps, \u00e9t\u00e9 jusqu&rsquo;\u00e0 l&rsquo;automne, fleurs parfum\u00e9es. Vivace d&rsquo;origine m\u00e9diterran\u00e9enne, adapt\u00e9e \u00e0 nos jardins, pour massifs ou balcons et terrasses.<\/p>\n","protected":false},"excerpt":{"rendered":"<p>Jolis \u0153illets nains vivaces, au port tapissant, pour les jardins m\u00e9diterran\u00e9ens. Couleurs vari\u00e9es.<\/p>\n","protected":false},"featured_media":1389,"comment_status":"open","ping_status":"closed","template":"","meta":{"om_disable_all_campaigns":false,"_mi_skip_tracking":false,"_monsterinsights_sitenote_active":false,"_monsterinsights_sitenote_note":"","_monsterinsights_sitenote_category":0,"site-sidebar-layout":"default","site-content-layout":"default","ast-global-header-display":"","ast-main-header-display":"","ast-hfb-above-header-display":"","ast-hfb-below-header-display":"","ast-hfb-mobile-header-display":"","site-post-title":"","ast-breadcrumbs-content":"","ast-featured-img":"","footer-sml-layout":"","theme-transparent-header-meta":"default","adv-header-id-meta":"","stick-header-meta":"","header-above-stick-meta":"","header-main-stick-meta":"","header-below-stick-meta":""},"product_cat":[17,29,48],"product_tag":[],"class_list":["post-1388","product","type-product","status-publish","has-post-thumbnail","hentry","product_cat-exterieur","product_cat-vivace","product_cat-vivace_herbacee","desktop-align-left","tablet-align-left","mobile-align-left"],"aioseo_notices":[],"_links":{"self":[{"href":"https:\/\/www.hdebalzac.fr\/la-serre\/index.php\/wp-json\/wp\/v2\/product\/1388","targetHints":{"allow":["GET"]}}],"collection":[{"href":"https:\/\/www.hdebalzac.fr\/la-serre\/index.php\/wp-json\/wp\/v2\/product"}],"about":[{"href":"https:\/\/www.hdebalzac.fr\/la-serre\/index.php\/wp-json\/wp\/v2\/types\/product"}],"replies":[{"embeddable":true,"href":"https:\/\/www.hdebalzac.fr\/la-serre\/index.php\/wp-json\/wp\/v2\/comments?post=1388"}],"wp:featuredmedia":[{"embeddable":true,"href":"https:\/\/www.hdebalzac.fr\/la-serre\/index.php\/wp-json\/wp\/v2\/media\/1389"}],"wp:attachment":[{"href":"https:\/\/www.hdebalzac.fr\/la-serre\/index.php\/wp-json\/wp\/v2\/media?parent=1388"}],"wp:term":[{"taxonomy":"product_cat","embeddable":true,"href":"https:\/\/www.hdebalzac.fr\/la-serre\/index.php\/wp-json\/wp\/v2\/product_cat?post=1388"},{"taxonomy":"product_tag","embeddable":true,"href":"https:\/\/www.hdebalzac.fr\/la-serre\/index.php\/wp-json\/wp\/v2\/product_tag?post=1388"}],"curies":[{"name":"wp","href":"https:\/\/api.w.org\/{rel}","templated":true}]}}